-1 + 6 - (13 + -2 + -14).
8
What is the value of -11 - (6 - (-17 - -18))?
-16
What is 27 + -62 + 45 - (7 + -1)?
4
What is the value of 0 + (6 - 10) + -3 + 0?
-7
-1 + (5 - (-7 + 6)) + 0
5
What is -16 + (-37 - -9 - -10 - -49)?
15
What is the value of (-6 - (8 + -9) - 5) + -5?
-15
4 - (-26 - -14) - 3
13
What is -11 + -1 - (-14 + (-11 - -14))?
-1
Evaluate -9 + (4 - -2) + 9 + 3.
9
Evaluate -6 + (1 - -4 - (14 - (1 + 5))).
-9
4 - 22 - -12 - -7 - 32
-31
10 + 11 + (0 - (9 + -7))
19
What is -31 - (4 - (37 - 30))?
-28
What is the value of -12 + 1 - (-215 - -242 - (21 - 1))?
-18
Evaluate 28 - 41 - (3 - -11).
-27
What is the value of 0 + (-4 - (-12 + 2)) + -25?
-19
What is -6 + -13 + 23 + -14?
-10
-11 - ((60 - 69) + (5 - -1))
-8
Calculate -7 + -3 - (3 + (-7 - -1)).
-7
Evaluate (6 - 22 - (-2 - 7)) + (7 - 0).
0
Evaluate 5 - (0 + (-1 - -10)).
-4
What is 4 + -19 - (-1 - 4 - 0)?
-10
What is the value of (0 + 0 - 10) + (81 - (47 + 41))?
-17
(43 - (5 - -6)) + -43
-11
What is -3 - -11 - 11 - -6 - -6?
9
What is the value of 2 - 10 - 5 - -2?
-11
What is (7 - -11) + (4 - (-9 + -5 + 14))?
22
-570 + 556 - (-19 + 0)
5
(1 - 15) + -6 - (4 + -12)
-12
Calculate 4 + (70 - 33) + -22.
19
3 - ((2 - 1) + -85 + 70 - -10)
7
What is 6 - (19 + -18) - (-2 - -1 - -15)?
-9
5 - (14 + (-8 + -24 - -11))
12
What is the value of 2 + -5 - 0 - (6 - -3 - 39)?
27
23 + -1 - 1 - (5961 - 5948)
8
What is the value of -1 + -25 - (284 + -303)?
-7
Evaluate 7 + (-2 - 7) + (-4 + -19 - -15).
-10
Calculate 1 - 1 - (41 + -38).
-3
Calculate 7 - ((1 + -6 - 1) + (-238 - -270)).
-19
Evaluate 3 - (0 + (0 - (-1 - (3 - 5)))).
4
Calculate (-11 + -1 - (18 + -29)) + 9.
8
What is the value of 0 + 1 + -2 + -725 + 738?
12
Evaluate (-19 - 22) + 13 - -21.
-7
What is (-2 - 1) + (-33 - -33)?
-3
2 - (-9 - ((8 - 9) + -11))
-1
68 + -72 - (-4 - -22)
-22
What is (41 - 64) + -2 + 2 + (10 - 5)?
-18
Evaluate (-27 - -46) + -25 - (-1 - 6).
1
Calculate 1 + 8 - (8 - 4 - 4).
9
Evaluate (27 - (3 - 11)) + -19.
16
Calculate (-146 - -138) + (-2 + -3 + 20 - 1).
6
What is the value of (82 - (7 + 71)) + (0 - (-3 + 0))?
7
What is the value of (25 - 23) + -25 + -2?
-25
Calculate -14 - (17 - (6 + 5 + 0)).
-20
(727 - 761) + (-1 - 0) + (4 - -1)
-30
Evaluate -474 + 476 + 7 + -1 + -1 - 7.
0
What is (4 - -1) + -10 - (-18 + (4 - 2))?
11
-27 + 7 + (-1 - (7 + -13 + 5))
-20
What is the value of -41 + 40 + (-4 - (1 - 2) - -7)?
3
(15 - 27) + -13 + 26
1
Calculate -26 - (11 + (-47 - -6)).
4
Evaluate (87 - 84) + (-36 - -3).
-30
Calculate -1 + -8 - (46 + -63).
8
-4 - (2 - 5 - 1 - -11)
-11
Calculate (13 - (32 - 2)) + 16.
-1
Evaluate 9 + -4 + 0 + 2 + -11.
-4
What is the value of -4 - (2 + -26 + (4 - (5 + -5)))?
16
(-118 - -105) + (-13 + 0 - 1)
-27
What is (2 + 0 + 5 - 7) + 8 + -1?
7
8 + 0 + -17 - 0
-9
What is 15 + -5 + (0 + -9 - -6)?
7
-14 - (-17 + -9 - -10)
2
-3 + (1 + 0 - 0 - (1 + -10))
7
Calculate -3 + (4 - 3) - (22 - 20) - -16.
12
Calculate -17 + 0 - (-289 + 295).
-23
What is the value of 11 - (15 - 16 - -15) - -11?
8
Evaluate 14 + 0 + 1 + (-16 + -5 - -13).
7
Evaluate 5 + -2 + 4 + 0 - (37 - 23).
-7
What is (0 - 15) + 35 + 38 + -28?
30
What is the value of (5 - (20 - 13)) + (-4 - (2 - 0))?
-8
Evaluate 5 + -9 + (-5 - 0) + (15 - 10).
-4
What is the value of (-11 - (2 - 8)) + 7 + -12?
-10
What is the value of -1 + -18 + 32 - 8 - (-1 - 2)?
8
Evaluate -11 + (-20 - -28) + 16.
13
What is the value of 16 + -28 + 15 - -6?
9
Evaluate (19 - (9 - 6)) + -7 + -1 + 13.
21
(-1 - -2) + -108 + 113 + -23
-17
What is (-7 - (4 + 0)) + 19?
8
Evaluate (-11 - -13) + (1 - -10).
13
31 - (59 + (-39 - 2))
13
What is the value of -6 - 0 - (-60 + 53) - (-5 + -1)?
7
-14 + (15 - -9) + -11
-1
What is (5 - -3) + -7 + 2 + 10 + 3?
16
4 + 3 - (-242 - -265)
-16
Calculate 36 - 48 - (16 - 48).
20
-19 + 21 + -33 + 15
-16
Evaluate -3 - -1 - (5 - 10) - (57 - 41).
-13
Evaluate -3 + -9 + (-134 - -140).
-6
Evaluate -3 + 10 - (11 + (-2 - 5)).
3
-5 - (-11 + 4) - -7
9
What is the value of (63 + -66 - (3 - -4)) + -2 + 2?
-10
Calculate 1 - -1 - (40 - (11 - -23)).
-4
Evaluate 4 + -3 + -4 + (13 - (-33 + 33)).
10
19 + -3 + 10 + -32
-6
13 - (-12 + 18) - (-2 - 11)
20
(-14 - -22) + -24 + -6 + (3 - -1)
-18
What is the value of -42 - -72 - (-13 + 35)?
8
What is 1 + 13 - (-153 - -172)?
-5
Calculate (8 - -25) + -26 - 11.
-4
20 + (-2 - -15 - 25)
8
Calculate 19 + -22 + 3 - (-1 - -6 - 2).
-3
(11 - (14 - 7)) + 18
22
Evaluate 0 + 7 + -6 + 12 + -5.
8
7 + (-4 + (2 - -10) - 13 - 0)
2
Calculate (5 - (19 + -5)) + (6 - 8) + -4.
-15
What is the value of 4 - (44 - (17 + 8))?
-15
Evaluate 14 - ((-2 - (0 - 3)) + (-1 - -2)).
12
Evaluate 22 - (7 + -2 - -5 - (7 + 13)).
32
What is (-11 - (-7 - 1)) + (4 - 0) + 3?
4
What is the value of 17 - (-6 + 1 - (-27 - -18))?
13
What is the value of 2 + -4 + (11 - (0 - 9))?
18
What is (5 + 2 - 5) + (-7 - 3)?
-8
Calculate 7 + 12 + -1 + (9 - 12).
15
Calculate (41 - 28) + -6 + -2 + -2 + 9.
12
Evaluate 3 - (-7 - (12 - 13)).
9
Evaluate 2 + 1 + 10 + -1 + -6 + 11.
17
What is the value of -1 - -6 - (-298 + 296)?
7
What is 24 - (-6 + (-16 - -36))?
10
What is the value of (-1 + 2 - -2) + (-15 - (23 + -44))?
9
What is (7 - 11) + 5 + 3 + (4 - 14)?
-6
Evaluate -10 + 39 + -8 + -23.
-2
What is -4 - -8 - (-11 - -13)?
2
Evaluate -25 + (-16 - -13 - -49).
21
What is 13 + -89 + 40 + 25?
-11
Evaluate -3 + 4 - (4 - (-4 - -12 - 4)).
1
Evaluate -52 - 2 - (-181 - -148).
-21
-1100 - -1094 - (0 + (1 - 1) - -3)
-9
What is 6 + (-3 - 4) + 13 + (-8 - -2)?
6
What is the value of 21 + 7 + -11 - (-55 - -97)?
-25
Calculate (0 - -7 - (-11 - -12)) + 2.
8
What is -9 + (9 - ((7 - 11) + 3) - 5)?
-4
What is 2 + 0 - (410 - 419)?
11
-1 + (6 - 6) + 1 - (1 + 18)
-19
-5 + 0 + (15 - (-16 - -37)) + 0
-11
What is -44 - -44 - (5 - 3)?
-2
Evaluate -17 + (27 + -21 - -8).
-3
Evaluate -20 + -1 + 19 + -7 + 20.
11
Evaluate -9 + 0 + 1 + (-33 - -49).
8
What is the value of -18 + 54 + -52 - -13?
-3
What is the value of 8 - ((-36 - -80) + -9)?
-27
Calculate -29 - -32 - -31 - 65.
-31
What is -26 - -2 - 10 - 0 - (-11 + 11)?
-34
Evaluate 112 + -104 + (-7 + 3 - 2).
2
Calculate (5 - (25 - 14)) + 15 - 16.
-7
Evaluate -10 - (3 + 17 - 37).
7
What is the value of -17 + -2 - (17 - (3 + -8 + 21))?
-20
Calculate (-4 - -9 - 4) + (35 + -27 - 26).
-17
16 + (2 - -1 - (6 + 6))
7
Calculate 4 + 5 + -9 + 24 + -24 - 1.
-1
What is 6 + (1 - 2) + 17 + -2?
20
105 + -101 - (30 - 5 - 1)
-20
What is -7 - (2 + -2 + 5 + 10 + -12)?
-10
Calculate -16 - (0 + (-29 - -15) + 1).
-3
What is -7 - (-5 + 8) - -10?
0
What is the value of 17 + -17 - -4 - 12?
-8
Calculate 10 - -1 - (213 + -189).
-13
What is 11 + (1 + 8 - 21) - -15?
14
Evaluate (-259 - -270) + (1 - 23).
-11
Evaluate 4 - (-10 - (-11 + 11)) - -1.
15
What is the value of (1 - 1 - 5) + (70 - 66)?
-1
What is the value of (-2 + -18 - (19 + -29)) + 18?
8
7 + 5 + (-18 - -9) - 5
-2
What is the value of 9 + -3 + -9 - -13 - (-1 + -20)?
31
Evaluate (19 - 8) + 18 - 9.
20
What is the value of (7 - (-12 - -6 - -6) - 2) + 16?
21
What is the value of 30 + -88 + 26 + 26?
-6
What is the value of (-1 - -9) + (1537 - 1566)?
-21
What is the value of 4 - (-1 - (-17 + 5))?
-7
(1 - 6) + -1 + 1
-5
Calculate -13 + 3 + -10 + -16 + 44.
8
What is -1 + 3 + 52 + -69 + 24?
9
What is 1 - 5 - (3 - (1 + -3))?
-9
-8 + (13 + -7 - 3 - -4 - 5)
-6
What is -10 - -27 - (-18 - -36)?
-1
Calculate (-4 + -1 + -2 - -17) + -2.
8
What is 8 - (2 + 9 + 35 + -29)?
-9
Calculate (4 - -10 - 7) + (-1 + -1 - 9).
-4
-10 - 2 - (-38 - (-34 + 17))
9
What is -9 + -2 + (3 - (3 - 4))?
-7
What is the value of (4 - (-11 - -3)) + -17 + -20 + 44?
19
Evaluate 3 - (-4 - -10) - -1 - (14 - 10).
-6
What is -2 + -2 + -1 - (-14 + 1)?
8
What is (-36 - -1) + -509 + 566?
22
Calculate -480 - -463 - (-2 - 7).
-8
Evaluate 2 - (4 - -2) - (392 - 380).
-16
33 + -80 - (-58 - -29)
-18
What is -8 + (19 - 9) + -29 + -4 + 6?
-25
What is the value of (-17 - -12) + -2 - -18?
11
What is the value of 0 + 3 + -17 + (-3 - -15) + 11?
9
What is the value of -3 - -11 - -9 - (4 + 1)?
12
Evaluate (13 + 25 - -7) + -29.
16
What is 7 - (28 - -41 - 46)?
-16
What is the value of -2 + (-1 - -10) + (24 - 14) + -15?
2
What is -15 + (7 + 24 - 13)?
3
What is the value of 2 + -13 + -1 + -1?
-13
What is 11 + -1 + 17 + -12?
15
Evaluate (9 - 0 - 8) + 0 - 16.
-15
What is 12 - (-5 + (-8 - (-9 + 3)))?
19
-6 - (-14 - (-1 + -15))
-8
What is -38 - (